late the highest common divisor of 13 and l.
13
Let f be (-315)/30 - 2/(-4). Let x be (f/6 + -1)*-21. Suppose -4*a = 2*p - x, 3*p + 24 = -4*a + 112. Calculate the greatest common factor of 80 and p.
16
Suppose 0 = 18*s - 571 - 257. Calculate the greatest common factor of 874 and s.
46
Let y = -28 - -33. Suppose 0 = y*a + 3*a - 1024. What is the highest common factor of a and 32?
32
Let j(c) = 287*c**2 - 8*c - 3. Let k be j(2). Let x = k + -599. What is the highest common factor of 53 and x?
53
Let r = 23 - 3. Let l = r + 95. What is the greatest common factor of 23 and l?
23
Let u = 382 - 362. What is the highest common factor of u and 30?
10
Let l(w) = w**3 + 41*w**2 + 17*w + 40. Let q be l(-40). Calculate the highest common factor of q and 15.
15
Let d = -57 + 6. Let g = d + 123. Calculate the highest common factor of g and 8.
8
Let r be ((-14)/3)/((-14)/(-1575)*-3). Suppose -j = -5*z - 6, -5*j - 2*z + r = 10. Calculate the greatest common divisor of 155 and j.
31
Suppose 9 = 3*q + 27. Let k be (-278)/(-8) + q/8. Let r(u) = 2*u**2 - 8*u + 9. Let d be r(7). What is the greatest common divisor of d and k?
17
Let o = 76 - 45. Suppose -2*x = 4*n - 3*n - o, 2*x + 2*n - 32 = 0. Calculate the greatest common factor of 15 and x.
15
Let g = 360 + -340. What is the greatest common divisor of g and 20?
20
Let a(n) = 11*n**2 + 4*n + 4. Suppose 0 = 2*j - 2*r + 12, 2*r + 21 = -5*j + 4*r. Let m be a(j). What is the greatest common factor of 13 and m?
13
Let l be (-2)/7 + (-69)/(-21). Suppose -l*q + 4 = -2*q. Suppose 5*w = 52 + 8. Calculate the highest common divisor of q and w.
4
Suppose 5*v + 3*y - 92 - 853 = 0, 3*v + 3*y = 567. Calculate the highest common factor of 108 and v.
27
Let y(w) = 69*w - 270. Let b be y(14). What is the highest common factor of b and 72?
24
Let c(t) = -t**3 - 2. Suppose r = a + 3, 4 + 5 = 5*r - 3*a. Let x be c(r). Let q be x/(5/(55/(-2))). What is the greatest common factor of q and 22?
11
Let c(i) = 3*i**2 - 3*i. Let v be c(2). Let s be 16 - v*(-2)/(-4). Let y(k) = k**2 - 11*k - 8. Let u be y(s). What is the greatest common factor of u and 18?
18
Suppose 0 = 3*t - 13 + 4. Suppose 3*w + k = -w + 59, 0 = -3*w + 5*k + 50. What is the highest common factor of w and t?
3
Let u be (-3)/(-1) + ((-8)/4 - -1). Suppose 5*a - 90 = 3*t, u*a + 2*t = 6*t + 50. What is the greatest common divisor of 6 and a?
3
Suppose -23*m + 128 + 102 = 0. Calculate the greatest common divisor of m and 680.
10
Let w = -3 + 5. Suppose 0 = 2*g - w - 0, 2 = -5*f + 2*g. Suppose -1 = -5*b + o, f*b + b - o + 3 = 0. What is the highest common factor of b and 9?
1
Suppose -4*g = -n + 217, -4*g = -2*n - 0*n + 418. Calculate the greatest common divisor of n and 67.
67
Let b be (0 + -1)/((-3)/90). Let s be (-2 - (-15)/(-6) - 2)*-2. Let n be s + ((-4)/1 - -1). What is the greatest common factor of b and n?
10
Let h = -340 + 791. What is the highest common divisor of 22 and h?
11
Let s(q) = q + 196. Let h be s(0). Suppose 5*d + 4*r - 120 = 0, -2*r - 5 = 5. What is the highest common factor of d and h?
28
Suppose -185*h - 25 = -186*h. Calculate the greatest common divisor of h and 5.
5
Let z = -3825 + 3866. Let i be (-1)/(-2)*164/2. What is the greatest common factor of z and i?
41
Suppose -5*i + 3*c - 1 = 4*c, -4*c + 18 = -2*i. Let l be i/(-3) + (-322)/(-6). What is the greatest common divisor of 6 and l?
6
Suppose 0*f - 10*f = -130. What is the greatest common factor of f and 325?
13
Suppose -275 = d - 2*d. Let k be (-2)/4 + d/22. What is the highest common factor of k and 24?
12
Let b be (-21 + 5 + -2)*-1. Let q(c) = 5 + 4 + c**2 + 63 - 2*c**2. Let v be q(0). What is the highest common factor of b and v?
18
Let i = -198 - -303. What is the greatest common divisor of i and 35?
35
Suppose 32 = -4*g - 0. Let s be -1 - 1 - 2 - g. What is the greatest common divisor of 28 and s?
4
Let a be 2*((-147)/343)/((-2)/77). What is the greatest common divisor of 39 and a?
3
Suppose 3*f + 9 = 0, -3*p + f = -11 - 34. Let u(o) = -o + 14. Let s be u(0). Calculate the greatest common factor of s and p.
14
Let m be (4 + 196)/4 - 7. Calculate the greatest common factor of 688 and m.
43
Suppose -4*v + y = -148, 4*v + 10*y - 6*y = 128. Let l = 55 - 34. Let u = v - l. Calculate the greatest common factor of u and 5.
5
Suppose -2*l - 3*l = 0. Let d = 4 - l. Suppose -d*k = -43 - 5. What is the greatest common factor of 12 and k?
12
Suppose 24815 + 17150 = 35*v. Calculate the highest common divisor of 22 and v.
11
Suppose 60384 = -w + 52*w. What is the highest common factor of 32 and w?
32
Let v be 2756/65 + (-2 - 8/(-5)). Calculate the highest common divisor of 6 and v.
6
Let k be (1 - -8)*(-12)/9. Let l(c) = c**3 + 12*c**2 - c - 10. Let m be l(k). Suppose -5*u = -4*u - 2. What is the highest common factor of m and u?
2
Let h be (-231)/(-2) + -1 + 9/18. What is the highest common divisor of h and 23?
23
Let f be ((-48)/(-10))/(14/35). Let d be (8/(-6))/((-2)/45). What is the greatest common divisor of d and f?
6
Let f be ((-20)/14)/((-4)/448). Calculate the greatest common divisor of f and 560.
80
Suppose -4*z = -1756 + 700. Suppose 2*l + 2*a - 174 = 0, l - 4*l + z = 2*a. What is the greatest common divisor of 10 and l?
10
Let l(w) = 2*w - 12. Let f be l(10). Let q = f + 3. What is the highest common factor of q and 121?
11
Let h(d) = -d + 42. Suppose 8*m = 16*m. Let o be h(m). Calculate the greatest common factor of 28 and o.
14
Let b = -29 - -42. Let j(y) = y**2 + 19*y - 1. Let q(a) = a. Let o(i) = -j(i) + 3*q(i). Let w be o(-8). What is the greatest common divisor of b and w?
13
Let i = -23 - -41. Suppose -3*o = n - 10, -4*n - 2*o = 2*o - 24. Suppose 2 = 2*s - 8, 97 = n*a + 5*s. Calculate the highest common factor of a and i.
18
Suppose n - 530 + 180 = 0. Suppose 32*s + n = 34*s. What is the greatest common divisor of 35 and s?
35
Let j = 281 - 257. Calculate the greatest common factor of 432 and j.
24
Let j = -155 - -166. Let m(w) = 40*w - 10. Let a be m(8). Suppose 3*c + 4*x - 284 = -c, -5*c = -4*x - a. Calculate the greatest common divisor of c and j.
11
Let d be (-72)/(-12) - 780/(-5). Calculate the greatest common factor of 6 and d.
6
Suppose 4*a = -5*l - 197, -4*l = 2*a - 0*a + 154. Let j = l - -49. What is the highest common divisor of 24 and j?
12
Suppose -17*i + 1401 = -608 - 643. Let y be (1 + 12)*(1 - -2). Calculate the greatest common divisor of y and i.
39
Let d(r) = -282*r + 115. Let x be d(-4). What is the highest common factor of x and 11?
11
Let u be ((-4)/(-10))/(2/10). Suppose 66 - 6 = u*w. Let x be w/105 - 136/(-14). Calculate the highest common divisor of x and 20.
10
Let l be (8930/(-40))/(1/(-8)). What is the highest common factor of 94 and l?
94
Let i(b) = b**3 - 8*b**2 - 3. Let s(o) = 2*o**3 - 17*o**2 + o - 6. Let w(v) = -5*i(v) + 2*s(v). Let d be w(3). What is the greatest common divisor of d and 54?
18
Suppose 9*t = 20*t - 2530. What is the greatest common factor of 138 and t?
46
Let j be (-3)/18*-22 + 1/3. What is the greatest common divisor of 964 and j?
4
Let s = 388 - 373. Calculate the highest common divisor of 2865 and s.
15
Let v = 603 - 613. Let a(u) = 14 - 4*u - 7*u + 4. Let g be a(v). What is the highest common divisor of g and 16?
16
Let x = 46 - 46. Suppose x = w - 4*k - 18 - 25, 0 = -4*w - 2*k + 262. Calculate the highest common divisor of w and 105.
21
Let g = 360 - 40. Calculate the highest common factor of g and 20.
20
Let m be (28798/(-5355) - (-2)/(-9))/(2/(-110)). Let h = 75 + -47. Calculate the highest common divisor of m and h.
28
Suppose -3*w + 42 = 4*v, -2*v - 5*w + 4*w + 20 = 0. Let a = -65 - 16. Let d = 162 + a. Calculate the greatest common factor of v and d.
9
Let l be 66/4 + (-69)/(-46). Calculate the greatest common divisor of 99 and l.
9
Let x = 264 - 121. What is the highest common factor of 77 and x?
11
Suppose 2*q - 10 = -3*q. Suppose j - 6*j + 10 = 5*x, q*x + 4*j = -2. Suppose x*c - 179 = -44. Calculate the greatest common factor of 81 and c.
27
Let m(q) = -3*q + 4. Let r be m(-4). Let h be r/4 - 6 - 1*-107. What is the greatest common divisor of 70 and h?
35
Suppose 5*y - 9*y + 64 = 0. Suppose 4*s + b + y = 52, 30 = 5*s + 5*b. What is the highest common divisor of 35 and s?
5
Let g(d) = -43*d - 85. Let c be g(-3). Let u = 4 